{"id":247,"date":"2023-12-05T11:16:07","date_gmt":"2023-12-05T14:16:07","guid":{"rendered":"http:\/\/localhost\/tecnica\/site\/?page_id=247"},"modified":"2025-02-05T16:55:41","modified_gmt":"2025-02-05T19:55:41","slug":"landing-page-curso","status":"publish","type":"page","link":"https:\/\/www.tecnica.com.br\/site\/landing-page-curso\/","title":{"rendered":"Landing page Curso"},"content":{"rendered":"\n<p>O conte\u00fado program\u00e1tico visa, principalmente, estabelecer a melhor rela\u00e7\u00e3o custo x benef\u00edcio em termos de capacita\u00e7\u00e3o em Gest\u00e3o Documental. Os profissionais participantes v\u00e3o obter informa\u00e7\u00f5es t\u00e9cnicas e pr\u00e1ticas para a organiza\u00e7\u00e3o e racionaliza\u00e7\u00e3o de arquivos em todos os aspectos, e de forma sustent\u00e1vel, desde a classifica\u00e7\u00e3o dos documentos at\u00e9 a melhor utiliza\u00e7\u00e3o de arm\u00e1rios e equipamentos para arquivamento, al\u00e9m de conhecimentos importantes sobre as \u00faltimas tecnologias aplicadas \u00e0 documenta\u00e7\u00e3o.<\/p>\n\n\n\n<p>O curso vai auxiliar os profissionais em todos os campos de atua\u00e7\u00e3o corporativos, tanto em sua abrang\u00eancia quanto em rotinas do dia a dia, com os mais relevantes questionamentos. Ideal para quem precisa organizar os arquivos, para quem vai desenvolver um projeto de Gest\u00e3o Documental, para quem j\u00e1 trabalha com arquivos, ou at\u00e9 mesmo para profissionais que n\u00e3o s\u00e3o da \u00e1rea mas que desejam conhecer o assunto.<\/p>\n\n\n\n<p>Dura\u00e7\u00e3o do curso: 6 horas (todos os m\u00f3dulos)<\/p>\n","protected":false},"excerpt":{"rendered":"<p>O conte\u00fado program\u00e1tico visa, principalmente, estabelecer a melhor rela\u00e7\u00e3o custo x benef\u00edcio em termos de capacita\u00e7\u00e3o em Gest\u00e3o Documental. Os profissionais participantes v\u00e3o obter informa\u00e7\u00f5es t\u00e9cnicas e pr\u00e1ticas para a organiza\u00e7\u00e3o e racionaliza\u00e7\u00e3o de arquivos em todos os aspectos, e de forma sustent\u00e1vel, desde a classifica\u00e7\u00e3o dos documentos at\u00e9 a melhor utiliza\u00e7\u00e3o de arm\u00e1rios e &hellip; <a href=\"https:\/\/www.tecnica.com.br\/site\/landing-page-curso\/\">Continua<\/a><\/p>\n","protected":false},"author":2,"featured_media":254,"parent":0,"menu_order":0,"comment_status":"closed","ping_status":"closed","template":"page-lp-curso.php","meta":{"_acf_changed":false,"footnotes":""},"class_list":["post-247","page","type-page","status-publish","has-post-thumbnail","hentry"],"acf":[],"yoast_head":"<!-- This site is optimized with the Yoast SEO plugin v27.4 - https:\/\/yoast.com\/product\/yoast-seo-wordpress\/ -->\n<title>Landing page Curso - T\u00e9cnica Gest\u00e3o Documental<\/title>\n<meta name=\"description\" content=\"Conte\u00fado desenvolvido pela T\u00c9CNICA para a capacita\u00e7\u00e3o em Gest\u00e3o Documental. S\u00e3o informa\u00e7\u00f5es t\u00e9cnicas e pr\u00e1ticas para excel\u00eancia em arquivos\" \/>\n<meta name=\"robots\" content=\"index, follow, max-snippet:-1, max-image-preview:large, max-video-preview:-1\" \/>\n<link rel=\"canonical\" href=\"https:\/\/www.tecnica.com.br\/site\/landing-page-curso\/\" \/>\n<meta property=\"og:locale\" content=\"pt_BR\" \/>\n<meta property=\"og:type\" content=\"article\" \/>\n<meta property=\"og:title\" content=\"Landing page Curso - T\u00e9cnica Gest\u00e3o Documental\" \/>\n<meta property=\"og:description\" content=\"Conte\u00fado desenvolvido pela T\u00c9CNICA para a capacita\u00e7\u00e3o em Gest\u00e3o Documental. S\u00e3o informa\u00e7\u00f5es t\u00e9cnicas e pr\u00e1ticas para excel\u00eancia em arquivos\" \/>\n<meta property=\"og:url\" content=\"https:\/\/www.tecnica.com.br\/site\/landing-page-curso\/\" \/>\n<meta property=\"og:site_name\" content=\"T\u00e9cnica Gest\u00e3o Documental\" \/>\n<meta property=\"article:publisher\" content=\"https:\/\/www.facebook.com\/tecnicagestaodocumental\" \/>\n<meta property=\"article:modified_time\" content=\"2025-02-05T19:55:41+00:00\" \/>\n<meta property=\"og:image\" content=\"https:\/\/www.tecnica.com.br\/site\/wp-content\/uploads\/2023\/12\/cover-lp-cursos.jpg\" \/>\n\t<meta property=\"og:image:width\" content=\"1310\" \/>\n\t<meta property=\"og:image:height\" content=\"400\" \/>\n\t<meta property=\"og:image:type\" content=\"image\/jpeg\" \/>\n<meta name=\"twitter:card\" content=\"summary_large_image\" \/>\n<meta name=\"twitter:site\" content=\"@tecnicadoc\" \/>\n<meta name=\"twitter:label1\" content=\"Est. tempo de leitura\" \/>\n\t<meta name=\"twitter:data1\" content=\"1 minuto\" \/>\n<script type=\"application\/ld+json\" class=\"yoast-schema-graph\">{\"@context\":\"https:\\\/\\\/schema.org\",\"@graph\":[{\"@type\":\"WebPage\",\"@id\":\"https:\\\/\\\/www.tecnica.com.br\\\/site\\\/landing-page-curso\\\/\",\"url\":\"https:\\\/\\\/www.tecnica.com.br\\\/site\\\/landing-page-curso\\\/\",\"name\":\"Landing page Curso - T\u00e9cnica Gest\u00e3o Documental\",\"isPartOf\":{\"@id\":\"http:\\\/\\\/www.tecnica.com.br\\\/site\\\/#website\"},\"primaryImageOfPage\":{\"@id\":\"https:\\\/\\\/www.tecnica.com.br\\\/site\\\/landing-page-curso\\\/#primaryimage\"},\"image\":{\"@id\":\"https:\\\/\\\/www.tecnica.com.br\\\/site\\\/landing-page-curso\\\/#primaryimage\"},\"thumbnailUrl\":\"https:\\\/\\\/www.tecnica.com.br\\\/site\\\/wp-content\\\/uploads\\\/2023\\\/12\\\/cover-lp-cursos.jpg\",\"datePublished\":\"2023-12-05T14:16:07+00:00\",\"dateModified\":\"2025-02-05T19:55:41+00:00\",\"description\":\"Conte\u00fado desenvolvido pela T\u00c9CNICA para a capacita\u00e7\u00e3o em Gest\u00e3o Documental. S\u00e3o informa\u00e7\u00f5es t\u00e9cnicas e pr\u00e1ticas para excel\u00eancia em arquivos\",\"breadcrumb\":{\"@id\":\"https:\\\/\\\/www.tecnica.com.br\\\/site\\\/landing-page-curso\\\/#breadcrumb\"},\"inLanguage\":\"pt-BR\",\"potentialAction\":[{\"@type\":\"ReadAction\",\"target\":[\"https:\\\/\\\/www.tecnica.com.br\\\/site\\\/landing-page-curso\\\/\"]}]},{\"@type\":\"ImageObject\",\"inLanguage\":\"pt-BR\",\"@id\":\"https:\\\/\\\/www.tecnica.com.br\\\/site\\\/landing-page-curso\\\/#primaryimage\",\"url\":\"https:\\\/\\\/www.tecnica.com.br\\\/site\\\/wp-content\\\/uploads\\\/2023\\\/12\\\/cover-lp-cursos.jpg\",\"contentUrl\":\"https:\\\/\\\/www.tecnica.com.br\\\/site\\\/wp-content\\\/uploads\\\/2023\\\/12\\\/cover-lp-cursos.jpg\",\"width\":1310,\"height\":400},{\"@type\":\"BreadcrumbList\",\"@id\":\"https:\\\/\\\/www.tecnica.com.br\\\/site\\\/landing-page-curso\\\/#breadcrumb\",\"itemListElement\":[{\"@type\":\"ListItem\",\"position\":1,\"name\":\"In\u00edcio\",\"item\":\"https:\\\/\\\/www.tecnica.com.br\\\/site\\\/\"},{\"@type\":\"ListItem\",\"position\":2,\"name\":\"Landing page Curso\"}]},{\"@type\":\"WebSite\",\"@id\":\"http:\\\/\\\/www.tecnica.com.br\\\/site\\\/#website\",\"url\":\"http:\\\/\\\/www.tecnica.com.br\\\/site\\\/\",\"name\":\"T\u00e9cnica Gest\u00e3o Documental\",\"description\":\"Melhores solu\u00e7\u00f5es em Gest\u00e3o Documental\",\"alternateName\":\"T\u00e9cnica\",\"potentialAction\":[{\"@type\":\"SearchAction\",\"target\":{\"@type\":\"EntryPoint\",\"urlTemplate\":\"http:\\\/\\\/www.tecnica.com.br\\\/site\\\/?s={search_term_string}\"},\"query-input\":{\"@type\":\"PropertyValueSpecification\",\"valueRequired\":true,\"valueName\":\"search_term_string\"}}],\"inLanguage\":\"pt-BR\"}]}<\/script>\n<!-- \/ Yoast SEO plugin. -->","yoast_head_json":{"title":"Landing page Curso - T\u00e9cnica Gest\u00e3o Documental","description":"Conte\u00fado desenvolvido pela T\u00c9CNICA para a capacita\u00e7\u00e3o em Gest\u00e3o Documental. S\u00e3o informa\u00e7\u00f5es t\u00e9cnicas e pr\u00e1ticas para excel\u00eancia em arquivos","robots":{"index":"index","follow":"follow","max-snippet":"max-snippet:-1","max-image-preview":"max-image-preview:large","max-video-preview":"max-video-preview:-1"},"canonical":"https:\/\/www.tecnica.com.br\/site\/landing-page-curso\/","og_locale":"pt_BR","og_type":"article","og_title":"Landing page Curso - T\u00e9cnica Gest\u00e3o Documental","og_description":"Conte\u00fado desenvolvido pela T\u00c9CNICA para a capacita\u00e7\u00e3o em Gest\u00e3o Documental. S\u00e3o informa\u00e7\u00f5es t\u00e9cnicas e pr\u00e1ticas para excel\u00eancia em arquivos","og_url":"https:\/\/www.tecnica.com.br\/site\/landing-page-curso\/","og_site_name":"T\u00e9cnica Gest\u00e3o Documental","article_publisher":"https:\/\/www.facebook.com\/tecnicagestaodocumental","article_modified_time":"2025-02-05T19:55:41+00:00","og_image":[{"width":1310,"height":400,"url":"https:\/\/www.tecnica.com.br\/site\/wp-content\/uploads\/2023\/12\/cover-lp-cursos.jpg","type":"image\/jpeg"}],"twitter_card":"summary_large_image","twitter_site":"@tecnicadoc","twitter_misc":{"Est. tempo de leitura":"1 minuto"},"schema":{"@context":"https:\/\/schema.org","@graph":[{"@type":"WebPage","@id":"https:\/\/www.tecnica.com.br\/site\/landing-page-curso\/","url":"https:\/\/www.tecnica.com.br\/site\/landing-page-curso\/","name":"Landing page Curso - T\u00e9cnica Gest\u00e3o Documental","isPartOf":{"@id":"http:\/\/www.tecnica.com.br\/site\/#website"},"primaryImageOfPage":{"@id":"https:\/\/www.tecnica.com.br\/site\/landing-page-curso\/#primaryimage"},"image":{"@id":"https:\/\/www.tecnica.com.br\/site\/landing-page-curso\/#primaryimage"},"thumbnailUrl":"https:\/\/www.tecnica.com.br\/site\/wp-content\/uploads\/2023\/12\/cover-lp-cursos.jpg","datePublished":"2023-12-05T14:16:07+00:00","dateModified":"2025-02-05T19:55:41+00:00","description":"Conte\u00fado desenvolvido pela T\u00c9CNICA para a capacita\u00e7\u00e3o em Gest\u00e3o Documental. S\u00e3o informa\u00e7\u00f5es t\u00e9cnicas e pr\u00e1ticas para excel\u00eancia em arquivos","breadcrumb":{"@id":"https:\/\/www.tecnica.com.br\/site\/landing-page-curso\/#breadcrumb"},"inLanguage":"pt-BR","potentialAction":[{"@type":"ReadAction","target":["https:\/\/www.tecnica.com.br\/site\/landing-page-curso\/"]}]},{"@type":"ImageObject","inLanguage":"pt-BR","@id":"https:\/\/www.tecnica.com.br\/site\/landing-page-curso\/#primaryimage","url":"https:\/\/www.tecnica.com.br\/site\/wp-content\/uploads\/2023\/12\/cover-lp-cursos.jpg","contentUrl":"https:\/\/www.tecnica.com.br\/site\/wp-content\/uploads\/2023\/12\/cover-lp-cursos.jpg","width":1310,"height":400},{"@type":"BreadcrumbList","@id":"https:\/\/www.tecnica.com.br\/site\/landing-page-curso\/#breadcrumb","itemListElement":[{"@type":"ListItem","position":1,"name":"In\u00edcio","item":"https:\/\/www.tecnica.com.br\/site\/"},{"@type":"ListItem","position":2,"name":"Landing page Curso"}]},{"@type":"WebSite","@id":"http:\/\/www.tecnica.com.br\/site\/#website","url":"http:\/\/www.tecnica.com.br\/site\/","name":"T\u00e9cnica Gest\u00e3o Documental","description":"Melhores solu\u00e7\u00f5es em Gest\u00e3o Documental","alternateName":"T\u00e9cnica","potentialAction":[{"@type":"SearchAction","target":{"@type":"EntryPoint","urlTemplate":"http:\/\/www.tecnica.com.br\/site\/?s={search_term_string}"},"query-input":{"@type":"PropertyValueSpecification","valueRequired":true,"valueName":"search_term_string"}}],"inLanguage":"pt-BR"}]}},"_links":{"self":[{"href":"https:\/\/www.tecnica.com.br\/site\/wp-json\/wp\/v2\/pages\/247","targetHints":{"allow":["GET"]}}],"collection":[{"href":"https:\/\/www.tecnica.com.br\/site\/wp-json\/wp\/v2\/pages"}],"about":[{"href":"https:\/\/www.tecnica.com.br\/site\/wp-json\/wp\/v2\/types\/page"}],"author":[{"embeddable":true,"href":"https:\/\/www.tecnica.com.br\/site\/wp-json\/wp\/v2\/users\/2"}],"replies":[{"embeddable":true,"href":"https:\/\/www.tecnica.com.br\/site\/wp-json\/wp\/v2\/comments?post=247"}],"version-history":[{"count":8,"href":"https:\/\/www.tecnica.com.br\/site\/wp-json\/wp\/v2\/pages\/247\/revisions"}],"predecessor-version":[{"id":1532,"href":"https:\/\/www.tecnica.com.br\/site\/wp-json\/wp\/v2\/pages\/247\/revisions\/1532"}],"wp:featuredmedia":[{"embeddable":true,"href":"https:\/\/www.tecnica.com.br\/site\/wp-json\/wp\/v2\/media\/254"}],"wp:attachment":[{"href":"https:\/\/www.tecnica.com.br\/site\/wp-json\/wp\/v2\/media?parent=247"}],"curies":[{"name":"wp","href":"https:\/\/api.w.org\/{rel}","templated":true}]}}